 43.
33
What is the remainder when 53376/93 - 16/(-248) is divided by 74?
56
Let v = 32 - 32. Suppose -10*m + 31 + 19 = v. Suppose 0 = -3*i - m*a + 172, 2*i + 2*a = 4*i - 136. Calculate the remainder when i is divided by 22.
20
Calculate the remainder when 736 is divided by (((-44184)/(-60))/7 - -19) + (-4)/(-5).
111
Let x(v) = -9173*v - 1. Let u be x(-1). What is the remainder when (-2)/(-17) - u/(-68) is divided by 23?
20
Let v be (-1011)/5*-1 + (-56)/280. Let j = v - 163. What is the remainder when 154 is divided by j?
37
Calculate the remainder when 8847 is divided by 10990/3297*(14/5 - -2).
15
Suppose -3805 = -5*p - 5*c, -305*p + 301*p - c = -3059. What is the remainder when p is divided by 64?
62
Suppose -a = -6*a. Suppose a*k + 3*p = -4*k + 90, -3*p = -3*k + 57. Let y = -19678 + 19738. Calculate the remainder when y is divided by k.
18
Let r = -229 + 337. Suppose -5*h = 4*h - r. Suppose 0 = -5*w + 3*w + h. What is the remainder when 23 is divided by w?
5
Let d(k) = 21 + 11 - 7*k + 5*k - 6. Let v be d(14). Calculate the remainder when -117*((-4 - -5) + v) is divided by 11.
7
Let n = 650 + -655. What is the remainder when 161 is divided by n*(-12 - 1 - (-2)/1)?
51
Let c = -105322 - -105460. Let z = -99 + 175. What is the remainder when c is divided by z?
62
Let b be 2/(-3)*(-10 - -1). What is the remainder when b*8/12 + (0 - -22) is divided by 9?
8
Suppose 88 = -14*y + 16*y + 5*n, -y - 4*n + 50 = 0. Let g = 253 + -157. What is the remainder when g is divided by y?
28
Suppose 14*m - 3*m = -44. What is the remainder when m/18 + 8052/27 is divided by 23?
22
Let p be (-2)/(-8) + (-69)/(-12). Suppose -q = -2*b + 104, 3*b - 3*q - 159 = 3. Suppose -16*i + p*i = -b. Calculate the remainder when 19 is divided by i.
4
Suppose -3417 = -11*x - 14197. Let m = -453 - x. Calculate the remainder when m is divided by 53.
50
Suppose 116 = 7*z - 3*z. Let k = 102 - 99. Calculate the remainder when (-1347)/(-12) + 1 + k/(-12) is divided by z.
26
Suppose 15*i = 11*i - o + 1, -12 = 4*o. What is the remainder when 116 - 17 - (-3)/i is divided by 32?
6
Suppose 5*w = 1 + 89. Let q be (-16)/(-40) - (-32)/20. Suppose q*k - w = 6. What is the remainder when 23 is divided by k?
11
Let l(m) = -13*m + 6386. What is the remainder when l(-81) is divided by 186?
185
Let d = -155 + 157. Suppose 5*o + 38 = k, -d*o + 43 = k + 5. Calculate the remainder when k is divided by 5.
3
Let l(o) = -2*o**3 - 272*o**2 + 47. Calculate the remainder when 9445 is divided by l(-136).
45
Let b be 24/32*20/6*-606. Calculate the remainder when ((-6)/7)/(b/504 - -3) is divided by 29.
28
Let u = 168 - 132. Suppose -u = -8*b + 52. Calculate the remainder when 32 is divided by b.
10
Suppose 6 = 5*d - 6*d. Let p be (d/(-8))/((-2)/48). Let s = -14 - p. Calculate the remainder when 7 is divided by s.
3
Let o be 477/(-3) - 1/(-1). Calculate the remainder when (o/(-3))/(6/9) is divided by 18 + (-84 + 85)*6/4*-6.
7
Calculate the remainder when 100/25*4/(-10)*-1210 is divided by 965.
6
Let c(y) be the first derivative of -10*y**2 - 35*y + 30. Let w be c(-5). Suppose 241 = 9*j - w. Calculate the remainder when j is divided by 9.
7
Let z = -3 + 14. Let w = 2391 + -2284. What is the remainder when w is divided by z?
8
Suppose -192 = 5*u - 13*u. Let r(b) = 11*b**3 - 2*b**2 + 3*b - 2. Let q be r(1). Suppose 13*w = q*w + 354. What is the remainder when w is divided by u?
22
Suppose -7*s - 12*s = 4*s. Let a = 1 - -1. Suppose 0 = -y + 4*o + 9, -92 = -4*y - s*y + a*o. What is the remainder when 97 is divided by y?
22
Let y = 14059 + -13213. What is the remainder when y is divided by 4?
2
Suppose -16*k + 18*k - 344 = 0. Suppose -3*s - 14 = 1, -2*f + 4*s = -k. Calculate the remainder when f is divided by 11.
10
Let y(j) = 28*j + 2. Let m = -7 - -10. Suppose 441 = 13*x - 131. Calculate the remainder when y(m) is divided by x.
42
Let m(l) = 0 + 2 + 6*l + 3 + 3 + 0. Let c be (-1)/3 - (-50)/6. What is the remainder when m(c) is divided by 15?
11
Let l = -22 + 27. Suppose -m = -2*x - 3*x - 124, -4*m + l*x = -436. Calculate the remainder when m is divided by (9/5)/((-12)/90)*-2.
23
Let n(b) = 21 + 26 - 37*b - 12*b - 40. Let s(k) = -k**3 - 9*k**2 + 21*k + 8. What is the remainder when n(-1) is divided by s(-11)?
18
Suppose 0 = 3*y + 8*b - 3*b + 1199, 2*y + 2*b = -798. Let q = -384 - y. What is the remainder when 23 is divided by q?
9
Let r be 1 - (-20)/8*78. Suppose 4*k - r = -4. Let i = -40 + k. What is the remainder when 13 is divided by i?
5
Let s be (-2 + (-9)/(-2))*8/(-10). Let q be (19 - 18)/(s/(-100)). Suppose 15*o = 13*o + q. Calculate the remainder when 122 is divided by o.
22
Let d be 11/(-66) - 542/(-12). Suppose -u = -d - 338. Calculate the remainder when u is divided by 48.
47
Let y = -3903 + 3967. Calculate the remainder when 248 is divided by y.
56
Suppose -2*j + 5*m + 20 = 0, -5*j + 1 = 2*m + 9. Suppose j = -11*h + 15*h - 180. Let v = h + -8. Calculate the remainder when v is divided by 8.
5
Let h be 0/(4 + -8 + -3). Suppose 4*q - 322 - 18 = h. What is the remainder when q is divided by 15?
10
Suppose -9*j = -7*j - u - 173, 4*u + 437 = 5*j. What is the remainder when 2208 is divided by j?
83
Let c = 269 - 148. Let n(l) be the third derivative of l**4/4 + l**3/6 - 22*l**2. Calculate the remainder when c is divided by n(5).
28
Suppose 0 = -w + 1 + 1. Suppose 6*q = -f + 2*q + 5, 0 = w*f - q - 1. Let n(k) = k**2 - k - 55. Calculate the remainder when f is divided by n(-7).
0
Suppose -84*d + 4141 = -6543 - 2168. What is the remainder when 2147 is divided by d?
5
Let g = 3390 - 3395. Suppose s - 5*s - 5*o = 20, -s + 8 = -2*o. Calculate the remainder when 85 - (3 + g - s) is divided by 30.
27
Let n be (-24)/20*(-30)/(-6). What is the remainder when 329 is divided by n/12*-6 - -63?
65
What is the remainder when 41544/69 - (2/3)/(46/6) is divided by 19?
13
Suppose 5*j + 88 - 743 = 0. Let f = -9 + j. Suppose -30*d + 32*d - 124 = -2*m, -4*d + 2*m = -248. Calculate the remainder when f is divided by d.
60
Suppose -2*j = 82*m - 84*m + 66, -4*m + 120 = -2*j. What is the remainder when 107 is divided by m?
26
Suppose w = -3, -27*w + 29*w - 414 = -4*r. Suppose 284 - r = 2*x - 5*u, -2*x + 2*u = -188. Calculate the remainder when 279 is divided by x.
85
Let k(j) = -7*j**2 + 176*j + 116. Calculate the remainder when 618 is divided by k(25).
54
Let f = -4 - -6. Let z(w) = -7*w**2 - 811*w - 3023. What is the remainder when f is divided by z(-112)?
0
Let f(b) = -45*b - b - 160 - 23*b. Calculate the remainder when f(-7) is divided by 81.
80
Let a = -8301 - -8311. Let z = 23 + 12. Calculate the remainder when z is divided by a.
5
Let x(k) = 11*k**2 - 54*k - 21. Calculate the remainder when x(11) is divided by 216.
68
Suppose -r - 4*o = -14245, -3*r + 177*o - 181*o = -42783. What is the remainder when r is divided by 71?
69
Suppose -f - 2*n + 10 = 0, -214*n = -f - 213*n + 28. Let v(c) = 2*c**2 - 2. Calculate the remainder when v(6) is divided by f.
4
Let h(i) = -i**3 + 12*i**2 - 11*i + 34. Let a be h(9). What is the remainder when 489 is divided by (-3)/((-12)/a) - 2/(-4)?
39
Suppose 3*l - 750 = 3*t, -3*t - 10 + 19 = 0. What is the remainder when l is divided by 30?
13
Let t = -23 + 39. What is the remainder when (53 - 57) + (-2)/(-2)*190 is divided by t?
10
Let f(b) = b**3 + 7*b**2 - 44*b + 4. Let n be f(-11). Suppose 84 - 152 = -n*c. What is the remainder when ((-2)/(-6))/(1/147) is divided by c?
15
Suppose o - 4*d = -0*d - 4, 3*d - 6 = 0. Suppose -5*w = -237 - 28. What is the remainder when w is divided by (60/18 - o)/((-2)/45)?
8
Let o = -604 - -601. What is the remainder when 707 is divided by o/5 + 3222/45?
68
Suppose 224 = 4*a + 5*u, 9*a + 4*u - 168 = 6*a. Calculate the remainder when 66 is divided by a/2 - (-84)/12.
31
Let o(x) = 17*x**3 + x + 11*x**2 - 10*x**2 - 18*x**3 + 3 + x. Calculate the remainder when 75 is divided by o(-2).
9
Suppose 86*j - 22*j = -49*j + 208033. Calculate the remainder when j is divided by 595.
56
Let c = -2279 + 2687. What is the remainder when c is divided by 83?
76
Suppose 0 = 2*c - 58 - 8. Let y be c*(6/(-15) + (-21)/(-15)). Let z = -26 + y. What is the remainder when 25 is divided by z?
4
Let f be -5 - (11046/35 - 9/15). What is the remainder when (-183)/(-4)*f/(-240) is divided by 16?
1